{"id":233,"date":"2021-04-19T15:45:22","date_gmt":"2021-04-19T13:45:22","guid":{"rendered":"https:\/\/praxis-dr-benner.de\/?page_id=233"},"modified":"2022-04-05T10:22:36","modified_gmt":"2022-04-05T08:22:36","slug":"parodontologie","status":"publish","type":"page","link":"https:\/\/praxis-dr-benner.brands-and-friends.de\/en\/leistungen\/parodontologie\/","title":{"rendered":"Parodontologie"},"content":{"rendered":"\n<figure class=\"wp-block-image size-full\"><img loading=\"lazy\" decoding=\"async\" width=\"1920\" height=\"436\" src=\"https:\/\/praxis-dr-benner.brands-and-friends.de\/wp-content\/uploads\/2021\/05\/parodontologie_header.jpg\" alt=\"Zahnarzt Dr. Benner\" class=\"wp-image-389\" title=\"Zahnarzt Dr. Benner\" srcset=\"https:\/\/praxis-dr-benner.brands-and-friends.de\/wp-content\/uploads\/2021\/05\/parodontologie_header.jpg 1920w, https:\/\/praxis-dr-benner.brands-and-friends.de\/wp-content\/uploads\/2021\/05\/parodontologie_header-300x68.jpg 300w, https:\/\/praxis-dr-benner.brands-and-friends.de\/wp-content\/uploads\/2021\/05\/parodontologie_header-1024x233.jpg 1024w, https:\/\/praxis-dr-benner.brands-and-friends.de\/wp-content\/uploads\/2021\/05\/parodontologie_header-768x174.jpg 768w, https:\/\/praxis-dr-benner.brands-and-friends.de\/wp-content\/uploads\/2021\/05\/parodontologie_header-1536x349.jpg 1536w\" sizes=\"auto, (max-width: 1920px) 100vw, 1920px\" \/><\/figure>\n\n\n\n<div class=\"wp-block-group fixed-size\"><div class=\"wp-block-group__inner-container is-layout-flow wp-block-group-is-layout-flow\">\n<div style=\"height:35px\" aria-hidden=\"true\" class=\"wp-block-spacer\"><\/div>\n\n\n\n<h2 class=\"wp-block-heading\">Parodontologie &#8211; Genau mein Zahnarzt.<\/h2>\n\n\n\n<p>Lange, u\u0308berempfindliche Zahnh\u00e4lse und lockere Z\u00e4hne. Auch wenn die M\u00f6glichkeiten des Zahnersatzes und der Implantologie immer h\u00f6here Anspr\u00fcche erf\u00fcllen, so geht doch nichts \u00fcber die eigenen festen und gesunden Z\u00e4hne. Die Parodontitis &#8211; im Volksmund f\u00e4lschlicherweise oft als Parodontose bezeichnet &#8211; ist durch die immer \u00e4lter werdende Menschheit zu einem der gr\u00f6\u00dften \u201cZahn-Killer\u201d weltweit geworden. Diese, den Zahnhalteapparat betreffende, Erkrankung ist au\u00dferdem f\u00fcr Ihre Wechselwirkung mit vielen Allgemeinerkrankungen wie zum Beispiel Rheuma und einem erh\u00f6hten Risiko f\u00fcr das Auftreten von Herz-Kreislauf-Erkrankungen, wie zum Beispiel dem Herzinfarkt, bekannt.<\/p>\n\n\n\n<div class=\"wp-block-group fixed-size\"><div class=\"wp-block-group__inner-container is-layout-flow wp-block-group-is-layout-flow\">\n<div style=\"height:40px\" aria-hidden=\"true\" class=\"wp-block-spacer\"><\/div>\n\n\n\n<div class=\"wp-block-columns is-layout-flex wp-container-core-columns-is-layout-9d6595d7 wp-block-columns-is-layout-flex\">\n<div class=\"wp-block-column is-vertically-aligned-center is-layout-flow wp-block-column-is-layout-flow\">\n<figure class=\"wp-block-image size-large\"><img loading=\"lazy\" decoding=\"async\" width=\"411\" height=\"340\" src=\"https:\/\/praxis-dr-benner.brands-and-friends.de\/wp-content\/uploads\/2021\/05\/parodontologie_content01.jpg\" alt=\"Zahnarzt Dr. Benner\" class=\"wp-image-387\" title=\"Zahnarzt Dr. Benner\" srcset=\"https:\/\/praxis-dr-benner.brands-and-friends.de\/wp-content\/uploads\/2021\/05\/parodontologie_content01.jpg 411w, https:\/\/praxis-dr-benner.brands-and-friends.de\/wp-content\/uploads\/2021\/05\/parodontologie_content01-300x248.jpg 300w\" sizes=\"auto, (max-width: 411px) 100vw, 411px\" \/><\/figure>\n\n\n\n<p><\/p>\n<\/div>\n\n\n\n<div class=\"wp-block-column is-layout-flow wp-block-column-is-layout-flow\">\n<div style=\"height:35px\" aria-hidden=\"true\" class=\"wp-block-spacer\"><\/div>\n\n\n\n<h4 class=\"wp-block-heading\">Die Entstehung begreifen<\/h4>\n\n\n\n<p>Durch natu\u0308rlich in der Mundh\u00f6hle vorkommende Bakterien, die sich an schwer zu reinigenden Stellen am Zahnfleisch und zwischen den Z\u00e4hnen absetzen und vermehren, kommt es zu anf\u00e4nglichen Entzu\u0308ndungsreaktionen des Zahnfleisches (Gingivitis). Wird dieses Stadium vom Patienten oder Zahnarzt nicht erkannt, verschlimmert sich der Befund und der Knochen sowie der den Zahn umgebende Zahnhalteapparat werden angegriffen. Dies kann im fortgeschrittenen Stadium und durch voranschreitenden Knochenabbau zu Zahnfleischru\u0308ckgang, Zahnlockerungen und schlussendlich zum Verlust der Z\u00e4hne fu\u0308hren. Menschen mit einer erblichen Veranlagung, sind nicht nur besonders anf\u00e4llig fu\u0308r diese Erkrankungen, der gesamte Prozess l\u00e4uft zudem sehr viel schneller ab.<\/p>\n<\/div>\n<\/div>\n\n\n\n<div style=\"height:20px\" aria-hidden=\"true\" class=\"wp-block-spacer\"><\/div>\n<\/div><\/div>\n<\/div><\/div>\n\n\n\n<div class=\"wp-block-group full-size light-blue\"><div class=\"wp-block-group__inner-container is-layout-flow wp-block-group-is-layout-flow\">\n<div style=\"height:20px\" aria-hidden=\"true\" class=\"wp-block-spacer\"><\/div>\n\n\n\n<div class=\"wp-block-columns fixed-size is-layout-flex wp-container-core-columns-is-layout-9d6595d7 wp-block-columns-is-layout-flex\">\n<div class=\"wp-block-column is-vertically-aligned-center is-layout-flow wp-block-column-is-layout-flow\">\n<h2 class=\"wp-block-heading\">Was kann man tun?<\/h2>\n\n\n\n<p>Es ist in Bezug auf die Parodontitis ungemein wichtig, regelm\u00e4\u00dfige Kontrollen durchzufu\u0308hren und die richtigen Behandlungsschritte einzuleiten.<br>Bei uns werden nicht nur halbj\u00e4hrliche Parodontitis-Screenings durchgefu\u0308hrt, auch die, je nach Stadium unterschiedlich ablaufenden Behandlungen sowie die immens wichtige Nachsorge und Prophylaxe, sind Kernpunkte unserer erfolgreichen und nachhaltigen<br>Therapie.<\/p>\n<\/div>\n\n\n\n<div class=\"wp-block-column is-layout-flow wp-block-column-is-layout-flow\">\n<div class=\"wp-block-image\"><figure class=\"alignright size-large\"><img loading=\"lazy\" decoding=\"async\" width=\"411\" height=\"340\" src=\"https:\/\/praxis-dr-benner.brands-and-friends.de\/wp-content\/uploads\/2021\/05\/parodontologie_content02.jpg\" alt=\"Zahnarzt Dr. Benner\" class=\"wp-image-388\" title=\"Zahnarzt Dr. Benner\" srcset=\"https:\/\/praxis-dr-benner.brands-and-friends.de\/wp-content\/uploads\/2021\/05\/parodontologie_content02.jpg 411w, https:\/\/praxis-dr-benner.brands-and-friends.de\/wp-content\/uploads\/2021\/05\/parodontologie_content02-300x248.jpg 300w\" sizes=\"auto, (max-width: 411px) 100vw, 411px\" \/><\/figure><\/div>\n<\/div>\n<\/div>\n\n\n\n<div style=\"height:21px\" aria-hidden=\"true\" class=\"wp-block-spacer\"><\/div>\n<\/div><\/div>\n\n\n\n<div class=\"wp-block-columns wp-splate-before-footer is-layout-flex wp-container-core-columns-is-layout-9d6595d7 wp-block-columns-is-layout-flex\">\n<div class=\"wp-block-column spalte-color is-layout-flow wp-block-column-is-layout-flow\">\n<div style=\"height:40px\" aria-hidden=\"true\" class=\"wp-block-spacer\"><\/div>\n\n\n\n\n<div id=\"wk-grid412\" class=\"uk-grid-width-1-1 uk-grid-width-small-1-1 uk-grid-width-medium-1-1 uk-grid-width-large-1-2 uk-grid-width-xlarge-1-2 uk-grid uk-grid-match uk-text-left \" data-uk-grid-match=\"{target:'> div > .uk-panel', row:true}\" data-uk-grid-margin  data-uk-scrollspy=\"{cls:'uk-animation-scale-up uk-invisible', target:'> div > .uk-panel', delay:300}\">\n\n\n    <div>\n        <div class=\"uk-panel uk-invisible\">\n\n            \n            \n                        <div class=\"uk-text-center uk-margin uk-margin-top-remove\"><img loading=\"lazy\" decoding=\"async\" src=\"\/wp-content\/uploads\/2020\/06\/benner-icon.png\" alt=\"PRAXIS\" width=\"96\" height=\"96\" title=\"Zahnarzt Dr. Benner\"><\/div>\n            \n            \n            \n            \n            \n                        <div class=\"uk-margin\"><div id=\"kontakt_\">.<\/div>\n<h5>PRAXIS DR. BENNER<\/h5>\nLandstr. 23<br>\n50374 Erftstadt<br>\nTel. 02235 &#8211; 6525<br>\n<a href=\"mailto:info@praxis-dr-benner.de\">info@praxis-dr-benner.de<\/a><br>\n<a href=\"https:\/\/praxis-dr-benner.brands-and-friends.de\">www.praxis-dr-benner.de<\/a><br>\n<hr><\/div>\n            \n            \n            \n            \n        <\/div>\n    <\/div>\n\n\n<\/div>\n\n<script>\n(function($){\n\n    \/\/ get the images of the gallery and replace it by a canvas of the same size to fix the problem with overlapping images on load.\n    $('img[width][height]:not(.uk-overlay-panel)', $('#wk-grid412')).each(function() {\n\n        var $img = $(this);\n\n        if (this.width == 'auto' || this.height == 'auto' || !$img.is(':visible')) {\n            return;\n        }\n\n        var $canvas = $('<canvas class=\"uk-responsive-width\"><\/canvas>').attr({width:$img.attr('width'), height:$img.attr('height')}),\n            img = new Image,\n            release = function() {\n                $canvas.remove();\n                $img.css('display', '');\n                release = function(){};\n            };\n\n        $img.css('display', 'none').after($canvas);\n\n        $(img).on('load', function(){ release(); });\n        setTimeout(function(){ release(); }, 1000);\n\n        img.src = this.src;\n\n    });\n\n})(jQuery);\n<\/script>\n\n\n\n\n<div style=\"height:40px\" aria-hidden=\"true\" class=\"wp-block-spacer\"><\/div>\n<\/div>\n\n\n\n<div class=\"wp-block-column spalte-oz-block is-layout-flow wp-block-column-is-layout-flow\">\n<div style=\"height:71px\" aria-hidden=\"true\" class=\"wp-block-spacer\"><\/div>\n\n\n\n\n<div id=\"wk-griddf4\" class=\"uk-grid-width-1-1 uk-grid-width-small-1-1 uk-grid-width-medium-1-1 uk-grid-width-large-1-2 uk-grid-width-xlarge-1-2 uk-grid uk-grid-match uk-text-left landigpage-oz\" data-uk-grid-match=\"{target:'> div > .uk-panel', row:true}\" data-uk-grid-margin  data-uk-scrollspy=\"{cls:'uk-animation-scale-up uk-invisible', target:'> div > .uk-panel', delay:300}\">\n\n\n    <div>\n        <div class=\"uk-panel uk-invisible\">\n\n            \n            \n            \n            \n                        <h3 class=\"uk-panel-title\">\n\n                                    \u00d6ffnungszeiten                \n                \n            <\/h3>\n            \n            \n            \n                        <div class=\"uk-margin\"><div class=\"\">\n<div id=\"oeffnungszeiten_\">.<\/div>\n<table>\n<tbody>\n<tr>\n<td>Montag<\/td>\n<td>07:30 &#8211; 19:30 Uhr<\/td>\n<\/tr>\n<tr>\n<td>Dienstag<\/td>\n<td>07:30 &#8211; 19:30 Uhr<\/td>\n<\/tr>\n<tr>\n<td>Mittwoch<\/td>\n<td>07:30 &#8211; 17:00 Uhr<\/td>\n<\/tr>\n<tr>\n<td>Donnerstag<\/td>\n<td>07:30 &#8211; 19:30 Uhr<\/td>\n<\/tr>\n<tr>\n<td>Freitag<\/td>\n<td>07:30 &#8211; 13:30 Uhr<\/td>\n<\/tr>\n<\/tbody>\n<\/table><\/div>\n<\/div>\n            \n            \n            \n            \n        <\/div>\n    <\/div>\n\n\n<\/div>\n\n<script>\n(function($){\n\n    \/\/ get the images of the gallery and replace it by a canvas of the same size to fix the problem with overlapping images on load.\n    $('img[width][height]:not(.uk-overlay-panel)', $('#wk-griddf4')).each(function() {\n\n        var $img = $(this);\n\n        if (this.width == 'auto' || this.height == 'auto' || !$img.is(':visible')) {\n            return;\n        }\n\n        var $canvas = $('<canvas class=\"uk-responsive-width\"><\/canvas>').attr({width:$img.attr('width'), height:$img.attr('height')}),\n            img = new Image,\n            release = function() {\n                $canvas.remove();\n                $img.css('display', '');\n                release = function(){};\n            };\n\n        $img.css('display', 'none').after($canvas);\n\n        $(img).on('load', function(){ release(); });\n        setTimeout(function(){ release(); }, 1000);\n\n        img.src = this.src;\n\n    });\n\n})(jQuery);\n<\/script>\n\n\n\n\n<div style=\"height:10px\" aria-hidden=\"true\" class=\"wp-block-spacer\"><\/div>\n\n\n\n<p><\/p>\n<\/div>\n<\/div>\n","protected":false},"excerpt":{"rendered":"<p>Parodontologie &#8211; Genau mein Zahnarzt. Lange, u\u0308berempfindliche Zahnh\u00e4lse und lockere Z\u00e4hne. Auch wenn die M\u00f6glichkeiten des Zahnersatzes und der Implantologie immer h\u00f6here Anspr\u00fcche erf\u00fcllen, so geht doch nichts \u00fcber die eigenen festen und gesunden Z\u00e4hne. Die Parodontitis &#8211; im Volksmund f\u00e4lschlicherweise oft als Parodontose bezeichnet &#8211; ist durch die immer \u00e4lter werdende Menschheit zu einem [&hellip;]<\/p>\n","protected":false},"author":1,"featured_media":0,"parent":165,"menu_order":0,"comment_status":"closed","ping_status":"closed","template":"","meta":{"_custom_body_class":"landingpage","_custom_post_class":"","footnotes":""},"class_list":["post-233","page","type-page","status-publish","hentry"],"_links":{"self":[{"href":"https:\/\/praxis-dr-benner.brands-and-friends.de\/en\/wp-json\/wp\/v2\/pages\/233","targetHints":{"allow":["GET"]}}],"collection":[{"href":"https:\/\/praxis-dr-benner.brands-and-friends.de\/en\/wp-json\/wp\/v2\/pages"}],"about":[{"href":"https:\/\/praxis-dr-benner.brands-and-friends.de\/en\/wp-json\/wp\/v2\/types\/page"}],"author":[{"embeddable":true,"href":"https:\/\/praxis-dr-benner.brands-and-friends.de\/en\/wp-json\/wp\/v2\/users\/1"}],"replies":[{"embeddable":true,"href":"https:\/\/praxis-dr-benner.brands-and-friends.de\/en\/wp-json\/wp\/v2\/comments?post=233"}],"version-history":[{"count":7,"href":"https:\/\/praxis-dr-benner.brands-and-friends.de\/en\/wp-json\/wp\/v2\/pages\/233\/revisions"}],"predecessor-version":[{"id":772,"href":"https:\/\/praxis-dr-benner.brands-and-friends.de\/en\/wp-json\/wp\/v2\/pages\/233\/revisions\/772"}],"up":[{"embeddable":true,"href":"https:\/\/praxis-dr-benner.brands-and-friends.de\/en\/wp-json\/wp\/v2\/pages\/165"}],"wp:attachment":[{"href":"https:\/\/praxis-dr-benner.brands-and-friends.de\/en\/wp-json\/wp\/v2\/media?parent=233"}],"curies":[{"name":"wp","href":"https:\/\/api.w.org\/{rel}","templated":true}]}}

<figure class="wp-block-image size-full"><img loading="lazy" decoding="async" width="1920" height="436" src="https://praxis-dr-benner.brands-and-friends.de/wp-content/uploads/2021/05/parodontologie_header.jpg" alt="Zahnarzt Dr. Benner" class="wp-image-389" title="Zahnarzt Dr. Benner" srcset="https://praxis-dr-benner.brands-and-friends.de/wp-content/uploads/2021/05/parodontologie_header.jpg 1920w, https://praxis-dr-benner.brands-and-friends.de/wp-content/uploads/2021/05/parodontologie_header-300x68.jpg 300w, https://praxis-dr-benner.brands-and-friends.de/wp-content/uploads/2021/05/parodontologie_header-1024x233.jpg 1024w, https://praxis-dr-benner.brands-and-friends.de/wp-content/uploads/2021/05/parodontologie_header-768x174.jpg 768w, https://praxis-dr-benner.brands-and-friends.de/wp-content/uploads/2021/05/parodontologie_header-1536x349.jpg 1536w" sizes="auto, (max-width: 1920px) 100vw, 1920px" /></figure>



<div class="wp-block-group fixed-size"><div class="wp-block-group__inner-container is-layout-flow wp-block-group-is-layout-flow">
<div style="height:35px" aria-hidden="true" class="wp-block-spacer"></div>



<h2 class="wp-block-heading">Parodontologie &#8211; Genau mein Zahnarzt.</h2>



<p>Lange, überempfindliche Zahnhälse und lockere Zähne. Auch wenn die Möglichkeiten des Zahnersatzes und der Implantologie immer höhere Ansprüche erfüllen, so geht doch nichts über die eigenen festen und gesunden Zähne. Die Parodontitis &#8211; im Volksmund fälschlicherweise oft als Parodontose bezeichnet &#8211; ist durch die immer älter werdende Menschheit zu einem der größten “Zahn-Killer” weltweit geworden. Diese, den Zahnhalteapparat betreffende, Erkrankung ist außerdem für Ihre Wechselwirkung mit vielen Allgemeinerkrankungen wie zum Beispiel Rheuma und einem erhöhten Risiko für das Auftreten von Herz-Kreislauf-Erkrankungen, wie zum Beispiel dem Herzinfarkt, bekannt.</p>



<div class="wp-block-group fixed-size"><div class="wp-block-group__inner-container is-layout-flow wp-block-group-is-layout-flow">
<div style="height:40px" aria-hidden="true" class="wp-block-spacer"></div>



<div class="wp-block-columns is-layout-flex wp-container-core-columns-is-layout-9d6595d7 wp-block-columns-is-layout-flex">
<div class="wp-block-column is-vertically-aligned-center is-layout-flow wp-block-column-is-layout-flow">
<figure class="wp-block-image size-large"><img loading="lazy" decoding="async" width="411" height="340" src="https://praxis-dr-benner.brands-and-friends.de/wp-content/uploads/2021/05/parodontologie_content01.jpg" alt="Zahnarzt Dr. Benner" class="wp-image-387" title="Zahnarzt Dr. Benner" srcset="https://praxis-dr-benner.brands-and-friends.de/wp-content/uploads/2021/05/parodontologie_content01.jpg 411w, https://praxis-dr-benner.brands-and-friends.de/wp-content/uploads/2021/05/parodontologie_content01-300x248.jpg 300w" sizes="auto, (max-width: 411px) 100vw, 411px" /></figure>



<p></p>
</div>



<div class="wp-block-column is-layout-flow wp-block-column-is-layout-flow">
<div style="height:35px" aria-hidden="true" class="wp-block-spacer"></div>



<h4 class="wp-block-heading">Die Entstehung begreifen</h4>



<p>Durch natürlich in der Mundhöhle vorkommende Bakterien, die sich an schwer zu reinigenden Stellen am Zahnfleisch und zwischen den Zähnen absetzen und vermehren, kommt es zu anfänglichen Entzündungsreaktionen des Zahnfleisches (Gingivitis). Wird dieses Stadium vom Patienten oder Zahnarzt nicht erkannt, verschlimmert sich der Befund und der Knochen sowie der den Zahn umgebende Zahnhalteapparat werden angegriffen. Dies kann im fortgeschrittenen Stadium und durch voranschreitenden Knochenabbau zu Zahnfleischrückgang, Zahnlockerungen und schlussendlich zum Verlust der Zähne führen. Menschen mit einer erblichen Veranlagung, sind nicht nur besonders anfällig für diese Erkrankungen, der gesamte Prozess läuft zudem sehr viel schneller ab.</p>
</div>
</div>



<div style="height:20px" aria-hidden="true" class="wp-block-spacer"></div>
</div></div>
</div></div>



<div class="wp-block-group full-size light-blue"><div class="wp-block-group__inner-container is-layout-flow wp-block-group-is-layout-flow">
<div style="height:20px" aria-hidden="true" class="wp-block-spacer"></div>



<div class="wp-block-columns fixed-size is-layout-flex wp-container-core-columns-is-layout-9d6595d7 wp-block-columns-is-layout-flex">
<div class="wp-block-column is-vertically-aligned-center is-layout-flow wp-block-column-is-layout-flow">
<h2 class="wp-block-heading">Was kann man tun?</h2>



<p>Es ist in Bezug auf die Parodontitis ungemein wichtig, regelmäßige Kontrollen durchzuführen und die richtigen Behandlungsschritte einzuleiten.<br>Bei uns werden nicht nur halbjährliche Parodontitis-Screenings durchgeführt, auch die, je nach Stadium unterschiedlich ablaufenden Behandlungen sowie die immens wichtige Nachsorge und Prophylaxe, sind Kernpunkte unserer erfolgreichen und nachhaltigen<br>Therapie.</p>
</div>



<div class="wp-block-column is-layout-flow wp-block-column-is-layout-flow">
<div class="wp-block-image"><figure class="alignright size-large"><img loading="lazy" decoding="async" width="411" height="340" src="https://praxis-dr-benner.brands-and-friends.de/wp-content/uploads/2021/05/parodontologie_content02.jpg" alt="Zahnarzt Dr. Benner" class="wp-image-388" title="Zahnarzt Dr. Benner" srcset="https://praxis-dr-benner.brands-and-friends.de/wp-content/uploads/2021/05/parodontologie_content02.jpg 411w, https://praxis-dr-benner.brands-and-friends.de/wp-content/uploads/2021/05/parodontologie_content02-300x248.jpg 300w" sizes="auto, (max-width: 411px) 100vw, 411px" /></figure></div>
</div>
</div>



<div style="height:21px" aria-hidden="true" class="wp-block-spacer"></div>
</div></div>



<div class="wp-block-columns wp-splate-before-footer is-layout-flex wp-container-core-columns-is-layout-9d6595d7 wp-block-columns-is-layout-flex">
<div class="wp-block-column spalte-color is-layout-flow wp-block-column-is-layout-flow">
<div style="height:40px" aria-hidden="true" class="wp-block-spacer"></div>




<div id="wk-grid412" class="uk-grid-width-1-1 uk-grid-width-small-1-1 uk-grid-width-medium-1-1 uk-grid-width-large-1-2 uk-grid-width-xlarge-1-2 uk-grid uk-grid-match uk-text-left " data-uk-grid-match="{target:'> div > .uk-panel', row:true}" data-uk-grid-margin  data-uk-scrollspy="{cls:'uk-animation-scale-up uk-invisible', target:'> div > .uk-panel', delay:300}">


    <div>
        <div class="uk-panel uk-invisible">

            
            
                        <div class="uk-text-center uk-margin uk-margin-top-remove"><img loading="lazy" decoding="async" src="/wp-content/uploads/2020/06/benner-icon.png" alt="PRAXIS" width="96" height="96" title="Zahnarzt Dr. Benner"></div>
            
            
            
            
            
                        <div class="uk-margin"><div id="kontakt_">.</div>
<h5>PRAXIS DR. BENNER</h5>
Landstr. 23<br>
50374 Erftstadt<br>
Tel. 02235 &#8211; 6525<br>
<a href="mailto:info@praxis-dr-benner.de">info@praxis-dr-benner.de</a><br>
<a href="https://praxis-dr-benner.brands-and-friends.de">www.praxis-dr-benner.de</a><br>
<hr></div>
            
            
            
            
        </div>
    </div>


</div>

<script>
(function($){

    // get the images of the gallery and replace it by a canvas of the same size to fix the problem with overlapping images on load.
    $('img[width][height]:not(.uk-overlay-panel)', $('#wk-grid412')).each(function() {

        var $img = $(this);

        if (this.width == 'auto' || this.height == 'auto' || !$img.is(':visible')) {
            return;
        }

        var $canvas = $('<canvas class="uk-responsive-width"></canvas>').attr({width:$img.attr('width'), height:$img.attr('height')}),
            img = new Image,
            release = function() {
                $canvas.remove();
                $img.css('display', '');
                release = function(){};
            };

        $img.css('display', 'none').after($canvas);

        $(img).on('load', function(){ release(); });
        setTimeout(function(){ release(); }, 1000);

        img.src = this.src;

    });

})(jQuery);
</script>




<div style="height:40px" aria-hidden="true" class="wp-block-spacer"></div>
</div>



<div class="wp-block-column spalte-oz-block is-layout-flow wp-block-column-is-layout-flow">
<div style="height:71px" aria-hidden="true" class="wp-block-spacer"></div>




<div id="wk-griddf4" class="uk-grid-width-1-1 uk-grid-width-small-1-1 uk-grid-width-medium-1-1 uk-grid-width-large-1-2 uk-grid-width-xlarge-1-2 uk-grid uk-grid-match uk-text-left landigpage-oz" data-uk-grid-match="{target:'> div > .uk-panel', row:true}" data-uk-grid-margin  data-uk-scrollspy="{cls:'uk-animation-scale-up uk-invisible', target:'> div > .uk-panel', delay:300}">


    <div>
        <div class="uk-panel uk-invisible">

            
            
            
            
                        <h3 class="uk-panel-title">

                                    Öffnungszeiten                
                
            </h3>
            
            
            
                        <div class="uk-margin"><div class="">
<div id="oeffnungszeiten_">.</div>
<table>
<tbody>
<tr>
<td>Montag</td>
<td>07:30 &#8211; 19:30 Uhr</td>
</tr>
<tr>
<td>Dienstag</td>
<td>07:30 &#8211; 19:30 Uhr</td>
</tr>
<tr>
<td>Mittwoch</td>
<td>07:30 &#8211; 17:00 Uhr</td>
</tr>
<tr>
<td>Donnerstag</td>
<td>07:30 &#8211; 19:30 Uhr</td>
</tr>
<tr>
<td>Freitag</td>
<td>07:30 &#8211; 13:30 Uhr</td>
</tr>
</tbody>
</table></div>
</div>
            
            
            
            
        </div>
    </div>


</div>

<script>
(function($){

    // get the images of the gallery and replace it by a canvas of the same size to fix the problem with overlapping images on load.
    $('img[width][height]:not(.uk-overlay-panel)', $('#wk-griddf4')).each(function() {

        var $img = $(this);

        if (this.width == 'auto' || this.height == 'auto' || !$img.is(':visible')) {
            return;
        }

        var $canvas = $('<canvas class="uk-responsive-width"></canvas>').attr({width:$img.attr('width'), height:$img.attr('height')}),
            img = new Image,
            release = function() {
                $canvas.remove();
                $img.css('display', '');
                release = function(){};
            };

        $img.css('display', 'none').after($canvas);

        $(img).on('load', function(){ release(); });
        setTimeout(function(){ release(); }, 1000);

        img.src = this.src;

    });

})(jQuery);
</script>




<div style="height:10px" aria-hidden="true" class="wp-block-spacer"></div>



<p></p>
</div>
</div>

<p>Parodontologie &#8211; Genau mein Zahnarzt. Lange, überempfindliche Zahnhälse und lockere Zähne. Auch wenn die Möglichkeiten des Zahnersatzes und der Implantologie immer höhere Ansprüche erfüllen, so geht doch nichts über die eigenen festen und gesunden Zähne. Die Parodontitis &#8211; im Volksmund fälschlicherweise oft als Parodontose bezeichnet &#8211; ist durch die immer älter werdende Menschheit zu einem [&hellip;]</p>
